by b(40)?
132
Let i be -7*(22/242 - (-146)/(-154)). Suppose -3*s + 5*o = -136, -4*s + i*s = -2*o + 96. Calculate the remainder when s is divided by 28.
19
Suppose 0 = 3*k + 5*x + 492, -2*x + 492 = -3*k - 0*x. Let v = k - -197. What is the remainder when v is divided by 0 + -2*(-9)/2?
6
Suppose 0 = 4*q + 4*t - 644, -5*q + 641 = -t - 188. Let i = q + -53. What is the remainder when i is divided by 29?
25
Let u(l) = -l**2 + 44*l + 336. What is the remainder when 2350 is divided by u(0)?
334
Let n(v) = 58*v - 1772. Calculate the remainder when n(39) is divided by 81.
4
Let z = 15 - 24. Let m = -3 - z. Calculate the remainder when 15 is divided by m.
3
Suppose 14*w = 142 + 404. Suppose -w*z = -1062 + 126. Calculate the remainder when z is divided by 14.
10
Let j(v) = 153*v**3 + v**2 + 2*v - 1. Let y be j(1). Suppose -30 = -157*l + y*l. Calculate the remainder when 59 is divided by l.
14
What is the remainder when (3 - 2)*(3 - 702/(-9)) is divided by 39?
3
Suppose 277*z = 81*z + 1960. Calculate the remainder when 317 is divided by z.
7
Let v(i) = i**3 - 23*i**2 - 41*i - 205. What is the remainder when 182 is divided by v(25)?
2
Let i = -283 - -296. What is the remainder when 1/(-1) + 16 + 1 is divided by i?
3
Let b = -298 - -295. Calculate the remainder when -2 + b + 81/3*3 is divided by 26.
24
Let a be (-58)/(-5) + ((-10)/25)/(-1). Suppose -a*u + 18 = -3*u. Suppose -2*v - 17 = -3*g, 4*g - 19 = -u*v + v. What is the remainder when 6 is divided by g?
1
Suppose -104*j = -100*j - 20. Suppose j*v = -v + 24. What is the remainder when 81 is divided by v?
1
Suppose 220*o + 136 = 237*o. Calculate the remainder when 1301 is divided by o.
5
Let q = -154 - -215. Let g(o) = -2*o**2 + 378*o + 2758. What is the remainder when q is divided by g(-7)?
5
Let v(f) = -f**3 - 3*f**2 - 4*f - 6. Let c = -68 - -73. Suppose -c*z + 2*a - 23 = 0, 4*z = -5*a + a + 4. Calculate the remainder when 9 is divided by v(z).
3
Suppose -6*z - 4*z = -50. Suppose 5*m - 3*x - 4 - 845 = 0, -x = z*m - 857. What is the remainder when m is divided by 45?
36
Let j(p) = 831*p + 586. Calculate the remainder when j(0) is divided by 22.
14
Suppose -5*y = -15, -y + 7 = -5*m - 16. Suppose -2*d + 13 + 5 = 4*w, 27 = 3*d - w. What is the remainder when 0 + m + 2 + 27 is divided by d?
7
Let v(i) = -i**2 - 12*i - 13. Let d be v(-11). Let s(z) = -77*z - 25. What is the remainder when s(d) is divided by 22?
19
Suppose 4 = 4*m - 8, 5*i = 2*m + 59. Let r(p) = p**3 - 13*p**2 - 5*p + 6. Let h be r(i). What is the remainder when (-3)/(15/10)*h is divided by 11?
8
Suppose -p - 396 - 1181 = -v, 4*v = -4*p + 6308. What is the remainder when v is divided by 78?
17
Let r = -22 + 36. Let n(a) = -a**2 - 3*a - 23. Let s(x) = -4*x**2 - 8*x - 67. Let d(u) = 7*n(u) - 2*s(u). Calculate the remainder when d(11) is divided by r.
11
Suppose -20*z - 406 = -1306. Calculate the remainder when 276 is divided by z.
6
Calculate the remainder when 56/(-140) + ((-99)/15)/((-7)/3493) is divided by 658.
3
Let h = 3017 + -1040. What is the remainder when h is divided by 132?
129
Let b(a) = a**3 + 19*a**2 - 18*a + 117. Calculate the remainder when b(-20) is divided by 22.
11
Let o(c) = 16*c**2 + 168*c + 686. What is the remainder when 398 is divided by o(-4)?
128
Suppose -1 = -5*q + 69. Let v = 266 + -349. Let w = v + 222. Calculate the remainder when w is divided by q.
13
Suppose 49*i = 72*i + 23. Let c = -8 + 7. What is the remainder when 10 is divided by 0/c - (-8 - (-1 + i))?
4
Let o(r) = 2*r**2 - 4*r - 2. What is the remainder when 1690/40 - ((-120)/32 + 4) is divided by o(4)?
0
Let b(j) be the first derivative of 4*j**2 - 4*j + 16. Let p be b(1). Suppose 0 = -9*g + p*g + 75. Calculate the remainder when 57 is divided by g.
12
Suppose 3*y - 251 - 61 = 0. What is the remainder when ((-150)/8)/((-78)/y) is divided by 18?
7
Let q(b) = 16*b - 121. Let g be q(8). Suppose -t = 4*f - 10, -g*t - 95 = -12*t - 5*f. What is the remainder when 131 is divided by t?
21
Suppose -t - n + 48 = 0, 2*n = -5*t + 182 + 49. Let r(y) = -8*y**2 + 22*y + 3. Let a be r(5). Let m = a + 95. What is the remainder when t is divided by m?
5
Suppose x - 9 = 8. Suppose 13 = -5*l + 38. Suppose 125 = 4*z - l*w, 0 = -2*z + 7*z - w - 151. What is the remainder when z is divided by x?
13
What is the remainder when 4/(-5) - (-1776)/20 is divided by 80?
8
Let g be (-20)/50 - -58*1/(-5). Let c be (g/(-18))/(2/(-6)). What is the remainder when 14*c*12/(-7) is divided by 13?
9
Let g(c) = 11*c**2 - 3*c - 39. Calculate the remainder when g(-4) is divided by 53.
43
Let k = -184 + 129. Let y = -49 - k. Suppose -g + y = -41. Calculate the remainder when g is divided by 10.
7
Let l = -166643 + 166655. Suppose -5*g + 83 = -42. Calculate the remainder when g is divided by l.
1
Calculate the remainder when (-665 + 70)*(-6)/5 is divided by 13.
12
Suppose -2*k = -5*p - 70, k - 7*p + 12*p = 80. What is the remainder when 915 is divided by k?
15
Suppose 224 = -4*h - 2*q + 14, 0 = -2*h - 4*q - 108. Let k = h - -56. Suppose -3 = k*a + 3*b, 4*a - b - 14 = a. Calculate the remainder when 11 is divided by a.
2
Suppose 267*h - 2138 = 68*h + 3036. What is the remainder when 6237 is divided by h?
23
Suppose 2*k - 240 = -0. Suppose -3*u + 93 = -x, 6*u - 4*u = 5*x + 62. What is the remainder when k is divided by u?
27
Let n = -216 + 96. Let i = -109 - n. Suppose i*a - 15 = 8*a. What is the remainder when 24 is divided by a?
4
Suppose -322 + 308 = -h. Suppose -2*z - h = c - 5*c, -3*c + 12 = -z. What is the remainder when 54 is divided by c?
4
Let f(z) = z**3 - 12*z**2 - 9*z. Suppose 62 - 17 = 3*o - 2*a, -o + 19 = -2*a. Calculate the remainder when f(o) is divided by 33.
19
Let n = 92 + -11. Let a = n + -37. Suppose -f + 2*u - 199 = -268, 4*u = -f + 117. Calculate the remainder when f is divided by a.
41
Let c be 2/(0 - 2) - (5 + -6). Suppose c*f - 3*f = -7*f. Suppose f = 58*v - 61*v + 147. What is the remainder when v is divided by 13?
10
Let w = 208 - 206. Suppose -w*b = -3*b + 35. Calculate the remainder when b is divided by 19.
16
Calculate the remainder when 398 is divided by (660/(-121))/(4/(-22)).
8
Let p = -78 - -83. Suppose -5*o + 29 = 3*i, -p*i - o + 75 = -6*o. Suppose y - 22 = -2*b, 2*y - 3*b = -2*b + 49. Calculate the remainder when y is divided by i.
11
Let f = -4450 - -5076. Calculate the remainder when f is divided by 201.
23
Suppose 143*y = 157*y - 14770. What is the remainder when y is divided by 96?
95
Let o = 1230 + -1126. What is the remainder when 930 is divided by o?
98
Let h(u) = -2*u**3 - 2*u**2 + 10*u + 309. What is the remainder when h(0) is divided by 159?
150
Let a(l) = -l**2 + 7*l - 12. Let k be a(8). Let v be 1 + (-12)/15 + (-436)/k. Let w = 39 - v. What is the remainder when 30 is divided by w?
13
Let s(b) = 29*b + 494. What is the remainder when 5126 is divided by s(-16)?
26
Let m(o) = 6*o - 19. Suppose -24*l = -21*l. Let t be m(l). Let h(d) = -6*d - 52. Calculate the remainder when h(t) is divided by 21.
20
Suppose 28*w - 1 = 167. Suppose 25 + 65 = w*m. Suppose u - q = -0*q + 27, 2*u + q - 54 = 0. What is the remainder when u is divided by m?
12
Suppose 0 = -2*p - 1 + 15. Suppose -p*v = -17*v + 900. Suppose -3*h + 303 - v = 0. Calculate the remainder when h is divided by 18.
17
Let x = -10146 + 10150. Calculate the remainder when 1910 is divided by x.
2
Suppose -9*p + 4*p + 325 = -280. What is the remainder when 986 is divided by p?
18
Let y = 7958 - 4799. Calculate the remainder when y is divided by 51.
48
Suppose 19*o - 21*o = -2*x + 108, 2*x = -2*o + 84. What is the remainder when 1072 is divided by x?
16
Suppose 9903 = 4*u - 3*l, -l + 3*l + 2477 = u. Suppose u = 27*k + 18. What is the remainder when 359 is divided by k?
86
Let z(g) = 3*g**3 - 22*g**2 + 14*g + 18. Calculate the remainder when z(7) is divided by 26.
15
Suppose -4*m = 1 - 17, -4*z - 2*m + 1688 = 0. Let t = z + -409. Calculate the remainder when 361 is divided by t.
9
Suppose 0 = r, -29*j + 27*j - 512 = 2*r - 2002. What is the remainder when j is divided by 214?
103
Let h = -18269 + 19404. What is the remainder when h is divided by 381?
373
Suppose -124 = -13*g + 110. What is the remainder when (-642)/(-12) - (-2)/4 is divided by g?
0
Suppose 2*t + 4*g - 3 = 5, -61 = -4*t + g. Calculate the rem